{"id":127,"date":"2011-04-04T18:10:16","date_gmt":"2011-04-04T16:10:16","guid":{"rendered":"http:\/\/www.ortodoxmd.eu\/?page_id=127"},"modified":"2012-04-24T11:14:19","modified_gmt":"2012-04-24T09:14:19","slug":"portugalia","status":"publish","type":"page","link":"http:\/\/www.ortodoxmd.eu\/fr\/cler-si-parohii\/parohii-si-comunitati\/portugalia\/","title":{"rendered":"Portugal"},"content":{"rendered":"<p><span style=\"color: #800000;\"><strong>PAROISSES ET COMMUNAUT\u00c9S AU PORTUGAL <\/strong><\/span><\/p>\n<p>&nbsp;<\/p>\n<p><strong><span style=\"color: #800000;\">LISBONNE<\/span><br \/>\n<\/strong><\/p>\n<p>&nbsp;<\/p>\n<p><span style=\"color: #000080;\"><strong>Paroisse des Tous-les-Saints \u00e0 Lisbonne<\/strong><\/span><\/p>\n<p><strong>Recteur :<\/strong> hi\u00e9romoine Ars\u00e8ne Sokolov<br \/>\n<strong>Offices :<\/strong> Samedi v\u00eapres \u00e0 19 h. Dimanche: matin laudes \u00e0 10 h, liturgie \u00e0 11 h, cat\u00e9chisme \u00e0 13 h. Mercredi: cours bibliques \u00e0 19 h 30. La Liturgie &#8211; en slavon et en roumain<br \/>\n<strong>Adresse : <\/strong>rua Jardim do Tobaco (pr\u00e8s de la gare Santa Apolonia), Lisboa<br \/>\n<strong>Contact:<\/strong> Igori Carataev, +351 96 34 66 912; + 35 1 963 254 801 ; + 35 1 212 743 872; orthodoxportugal@mail.ru, arsenij2001@mail.ru<\/p>\n<p>&nbsp;<\/p>\n<p><span style=\"color: #800000;\"><strong>PORTO<\/strong><\/span><\/p>\n<p><strong><span style=\"color: #000080;\">Paroisse des Nouveaux-Martyrs-de-Russie \u00e0 Porto<\/span><br \/>\n<\/strong><\/p>\n<p><strong>Recteur :<\/strong> p\u00e8re Paul Feoktistov<br \/>\n<strong>Offices :<\/strong> Dimanche liturgie \u00e0 10 h 30 en slavon.<br \/>\n<strong>Adresse : <\/strong>Rua Oliveira Monteiro 562 (Residencia Porto Companhia de Jesus, Casa dos Jesuitas), 4050-440 Porto, metro Carolina Michaelis<br \/>\n<strong>Contact :<\/strong> Iurii Pogorelov, Oliga Semionova,\u00a0 +351 91 91 90 568, +351 96 73 77 053, + 351 962 082 438; + 351 917 104 542 ; + 351 226 061 293, savl64@mail.ru, olgasem@hotmail.com <strong> <\/strong><\/p>\n<p>&nbsp;<\/p>\n<p><span style=\"color: #800000;\"><strong>FARO<\/strong><\/span><\/p>\n<p><strong><span style=\"color: #000080;\">Paroisse Sainte-X\u00e9nia \u00e0 Faro<\/span><br \/>\n<\/strong><\/p>\n<p><strong>Recteur :<\/strong> archipr\u00eatre Jean Gherbove\u021bchi<br \/>\n<strong>Offices :<\/strong> Samedi vigiles \u00e0 19 h 30; Dimanche liturgie \u00e0 10 h, suivie du cat\u00e9chisme en slavon et en roumain<br \/>\n<strong>Adresse :<\/strong> Rua Tefilo da Trindade (chapelle en face de l&rsquo;h\u00f4tel \u00ab\u00a0Dom Bernardo\u00a0\u00bb), Faro<br \/>\n<strong>Contact:<\/strong> + 351 919 222 909; + 351 967 383 330, +351 96 71 56 600<\/p>\n<p>&nbsp;<\/p>\n<p><span style=\"color: #800000;\"><strong>SETUBAL<\/strong><\/span><\/p>\n<p><span style=\"color: #000080;\"><strong>Paroisse Saint-Andr\u00e9 \u00e0 Setubal<br \/>\n<\/strong><\/span><\/p>\n<p><strong>Freguesia de Nossa Senhora da Boa Hora<\/strong><\/p>\n<p><strong>Recteur :<\/strong> p\u00e8re Oleg Kiaburu<br \/>\n<strong>Offices :<\/strong> Samedi v\u00eapres \u00e0 17 h 30. Dimanche matines et divine liturgie \u00e0 9 h 30. Vendredi office de d\u00e9votion \u00e0 la M\u00e8re de Dieu \u00e0 18 h 30 en roumain et en slavon.<br \/>\n<strong>Adresa :<\/strong> Rua Professor Bento Jesus Cara\u00e7as 77, Igreja Nossa Senhora da Concei\u00e7\u00e3o.<br \/>\n<strong>Contact :<\/strong> Igori Ha\u015fin, +351 20 50 89 019, +351 96 54 80 638, + 351 968 869 970 ; + 351 265 525 335<\/p>\n<p>&nbsp;<\/p>\n<p><span style=\"color: #800000;\"><strong>MADEIRA<\/strong><\/span><\/p>\n<p><span style=\"color: #000080;\"><strong>Communaut\u00e9 Saint-Spirydon \u00e0 Madeira<\/strong><\/span><\/p>\n<p><strong>Pr\u00eatre desservant :<\/strong> p. Jean Gherbovetchi<br \/>\n<strong>Offices :<\/strong> un dimanche par mois: liturgie \u00e0 10 h. La veille, samedi, vigiles \u00e0 19 h 30, en slavon et en roumain.<br \/>\n<strong>Adresse :<\/strong> chapelle catholique Santa Catarina dans le parc Santa Catarina.<br \/>\n<strong>Contact :<\/strong> + 351 919 222 909; + 351 967 383 330; Responsable la\u00efque (Larisa): +351 968 589 150<\/p>\n<p>&nbsp;<\/p>\n<p><span style=\"color: #800000;\"><strong>CASCAIS<\/strong><\/span><\/p>\n<p><span style=\"color: #000080;\"><strong>Communaut\u00e9 Saint-Jean-Chrysostome \u00e0 Cascais<\/strong><\/span><\/p>\n<p><strong>Pr\u00eatre desservant : <\/strong>p. Jean Gherbove\u021bchi.<br \/>\n<strong>Offices :<\/strong> dernier dimanche du mois: liturgie \u00e0 10 h, suivie du cat\u00e9chisme. La veille, samedi, vigiles \u00e0 19 h 30, en slavon en roumain<br \/>\n<strong>Adresse : <\/strong>Travessa da Concei\u00e7\u00e3o, la chapelle pr\u00e8s de l&rsquo;h\u00f4tel \u00ab\u00a0Albatroz\u00a0\u00bb<br \/>\n<strong>Contact :<\/strong> + 351 919 222 909; + 351 967 383 330<\/p>\n<p>&nbsp;<\/p>\n<p><span style=\"color: #993300;\"><strong>FAIAL, ILES\u00a0 ACORES<\/strong><\/span><\/p>\n<p><strong>Contact : <\/strong>+351 96 89 36 273, +351 96 44 14 297<\/p>\n<p><\/p>","protected":false},"excerpt":{"rendered":"<p>PAROISSES ET COMMUNAUT\u00c9S AU PORTUGAL &nbsp; LISBONNE &nbsp; Paroisse des Tous-les-Saints \u00e0 Lisbonne Recteur : hi\u00e9romoine Ars\u00e8ne Sokolov Offices : Samedi v\u00eapres \u00e0 19 h. Dimanche: matin laudes \u00e0 10 h, liturgie \u00e0 11 h, cat\u00e9chisme \u00e0 13 h. Mercredi: cours bibliques \u00e0 19 h 30. La Liturgie &#8211; en <a href=\"http:\/\/www.ortodoxmd.eu\/fr\/cler-si-parohii\/parohii-si-comunitati\/portugalia\/\" class=\"btn btn-link continue-link\">Continue Reading<\/a><\/p>\n","protected":false},"author":1,"featured_media":0,"parent":11,"menu_order":4,"comment_status":"closed","ping_status":"closed","template":"","meta":{"footnotes":""},"class_list":["post-127","page","type-page","status-publish","hentry"],"jetpack_shortlink":"https:\/\/wp.me\/P2NLBd-23","jetpack_sharing_enabled":true,"_links":{"self":[{"href":"http:\/\/www.ortodoxmd.eu\/fr\/wp-json\/wp\/v2\/pages\/127","targetHints":{"allow":["GET"]}}],"collection":[{"href":"http:\/\/www.ortodoxmd.eu\/fr\/wp-json\/wp\/v2\/pages"}],"about":[{"href":"http:\/\/www.ortodoxmd.eu\/fr\/wp-json\/wp\/v2\/types\/page"}],"author":[{"embeddable":true,"href":"http:\/\/www.ortodoxmd.eu\/fr\/wp-json\/wp\/v2\/users\/1"}],"replies":[{"embeddable":true,"href":"http:\/\/www.ortodoxmd.eu\/fr\/wp-json\/wp\/v2\/comments?post=127"}],"version-history":[{"count":20,"href":"http:\/\/www.ortodoxmd.eu\/fr\/wp-json\/wp\/v2\/pages\/127\/revisions"}],"predecessor-version":[{"id":2788,"href":"http:\/\/www.ortodoxmd.eu\/fr\/wp-json\/wp\/v2\/pages\/127\/revisions\/2788"}],"up":[{"embeddable":true,"href":"http:\/\/www.ortodoxmd.eu\/fr\/wp-json\/wp\/v2\/pages\/11"}],"wp:attachment":[{"href":"http:\/\/www.ortodoxmd.eu\/fr\/wp-json\/wp\/v2\/media?parent=127"}],"curies":[{"name":"wp","href":"https:\/\/api.w.org\/{rel}","templated":true}]}}

<p><span style="color: #800000;"><strong>PAROISSES ET COMMUNAUTÉS AU PORTUGAL </strong></span></p>
<p>&nbsp;</p>
<p><strong><span style="color: #800000;">LISBONNE</span><br />
</strong></p>
<p>&nbsp;</p>
<p><span style="color: #000080;"><strong>Paroisse des Tous-les-Saints à Lisbonne</strong></span></p>
<p><strong>Recteur :</strong> hiéromoine Arsène Sokolov<br />
<strong>Offices :</strong> Samedi vêpres à 19 h. Dimanche: matin laudes à 10 h, liturgie à 11 h, catéchisme à 13 h. Mercredi: cours bibliques à 19 h 30. La Liturgie &#8211; en slavon et en roumain<br />
<strong>Adresse : </strong>rua Jardim do Tobaco (près de la gare Santa Apolonia), Lisboa<br />
<strong>Contact:</strong> Igori Carataev, +351 96 34 66 912; + 35 1 963 254 801 ; + 35 1 212 743 872; orthodoxportugal@mail.ru, arsenij2001@mail.ru</p>
<p>&nbsp;</p>
<p><span style="color: #800000;"><strong>PORTO</strong></span></p>
<p><strong><span style="color: #000080;">Paroisse des Nouveaux-Martyrs-de-Russie à Porto</span><br />
</strong></p>
<p><strong>Recteur :</strong> père Paul Feoktistov<br />
<strong>Offices :</strong> Dimanche liturgie à 10 h 30 en slavon.<br />
<strong>Adresse : </strong>Rua Oliveira Monteiro 562 (Residencia Porto Companhia de Jesus, Casa dos Jesuitas), 4050-440 Porto, metro Carolina Michaelis<br />
<strong>Contact :</strong> Iurii Pogorelov, Oliga Semionova,  +351 91 91 90 568, +351 96 73 77 053, + 351 962 082 438; + 351 917 104 542 ; + 351 226 061 293, savl64@mail.ru, olgasem@hotmail.com <strong> </strong></p>
<p>&nbsp;</p>
<p><span style="color: #800000;"><strong>FARO</strong></span></p>
<p><strong><span style="color: #000080;">Paroisse Sainte-Xénia à Faro</span><br />
</strong></p>
<p><strong>Recteur :</strong> archiprêtre Jean Gherbovețchi<br />
<strong>Offices :</strong> Samedi vigiles à 19 h 30; Dimanche liturgie à 10 h, suivie du catéchisme en slavon et en roumain<br />
<strong>Adresse :</strong> Rua Tefilo da Trindade (chapelle en face de l&rsquo;hôtel « Dom Bernardo »), Faro<br />
<strong>Contact:</strong> + 351 919 222 909; + 351 967 383 330, +351 96 71 56 600</p>
<p>&nbsp;</p>
<p><span style="color: #800000;"><strong>SETUBAL</strong></span></p>
<p><span style="color: #000080;"><strong>Paroisse Saint-André à Setubal<br />
</strong></span></p>
<p><strong>Freguesia de Nossa Senhora da Boa Hora</strong></p>
<p><strong>Recteur :</strong> père Oleg Kiaburu<br />
<strong>Offices :</strong> Samedi vêpres à 17 h 30. Dimanche matines et divine liturgie à 9 h 30. Vendredi office de dévotion à la Mère de Dieu à 18 h 30 en roumain et en slavon.<br />
<strong>Adresa :</strong> Rua Professor Bento Jesus Caraças 77, Igreja Nossa Senhora da Conceição.<br />
<strong>Contact :</strong> Igori Haşin, +351 20 50 89 019, +351 96 54 80 638, + 351 968 869 970 ; + 351 265 525 335</p>
<p>&nbsp;</p>
<p><span style="color: #800000;"><strong>MADEIRA</strong></span></p>
<p><span style="color: #000080;"><strong>Communauté Saint-Spirydon à Madeira</strong></span></p>
<p><strong>Prêtre desservant :</strong> p. Jean Gherbovetchi<br />
<strong>Offices :</strong> un dimanche par mois: liturgie à 10 h. La veille, samedi, vigiles à 19 h 30, en slavon et en roumain.<br />
<strong>Adresse :</strong> chapelle catholique Santa Catarina dans le parc Santa Catarina.<br />
<strong>Contact :</strong> + 351 919 222 909; + 351 967 383 330; Responsable laïque (Larisa): +351 968 589 150</p>
<p>&nbsp;</p>
<p><span style="color: #800000;"><strong>CASCAIS</strong></span></p>
<p><span style="color: #000080;"><strong>Communauté Saint-Jean-Chrysostome à Cascais</strong></span></p>
<p><strong>Prêtre desservant : </strong>p. Jean Gherbovețchi.<br />
<strong>Offices :</strong> dernier dimanche du mois: liturgie à 10 h, suivie du catéchisme. La veille, samedi, vigiles à 19 h 30, en slavon en roumain<br />
<strong>Adresse : </strong>Travessa da Conceição, la chapelle près de l&rsquo;hôtel « Albatroz »<br />
<strong>Contact :</strong> + 351 919 222 909; + 351 967 383 330</p>
<p>&nbsp;</p>
<p><span style="color: #993300;"><strong>FAIAL, ILES  ACORES</strong></span></p>
<p><strong>Contact : </strong>+351 96 89 36 273, +351 96 44 14 297</p>
<p></p>

<p>PAROISSES ET COMMUNAUTÉS AU PORTUGAL &nbsp; LISBONNE &nbsp; Paroisse des Tous-les-Saints à Lisbonne Recteur : hiéromoine Arsène Sokolov Offices : Samedi vêpres à 19 h. Dimanche: matin laudes à 10 h, liturgie à 11 h, catéchisme à 13 h. Mercredi: cours bibliques à 19 h 30. La Liturgie &#8211; en <a href="http://www.ortodoxmd.eu/fr/cler-si-parohii/parohii-si-comunitati/portugalia/" class="btn btn-link continue-link">Continue Reading</a></p>
